78*x + 105*x - 22542254. What is the hundreds digit of x?
1
Let y be (0 - 0)/(0/(-5) + 2). Suppose 2*r - 3*x - 507 = y, 0 = 4*r + x + 3*x - 1004. What is the tens digit of r?
5
Suppose z - 7455 = -q - 1127, -2*z - 5*q = -12671. What is the thousands digit of z?
6
Let z = 35792 - 13668. What is the hundreds digit of z?
1
Suppose -2*f + 5*t = -1635, -9*f - 1675 = -11*f - 3*t. Suppose 10*k = 11410 + f. What is the thousands digit of k?
1
Suppose 0 = 4*j - 1 - 19. Suppose q = -y + j*q + 376, -4*q + 728 = 2*y. What is the units digit of y?
8
Let c(v) = 44*v**3 + v**2 - 8*v - 37. What is the thousands digit of c(5)?
5
What is the hundreds digit of (-182)/(-4)*(-720620)/(-1841)?
8
Let q be ((-38)/(-57))/(2/(-3)). Let n be (3/1)/q - 11/11. Let h = n + 13. What is the units digit of h?
9
Suppose 15 = 2*d - 5*v, 30 = 4*d - 3*v - 7. Suppose -g = -6*g + d. Suppose -2*m + 382 = g*s, 6*s - 5*m = 2*s + 773. What is the units digit of s?
2
Let v = -3186 + 2655. Let p be (1 - (-10)/6)*3. What is the hundreds digit of p/(-6)*v/6?
1
Let o = 4430 - 1345. What is the units digit of o?
5
Let n(t) = 8*t**3 + 2*t**2 - 7*t**3 - 18 + 11*t - 8*t**2 - 7*t**2. Let y be n(12). What is the units digit of (-25)/(-6)*11/((-55)/y)?
5
Let f = -15416 - -22915. What is the hundreds digit of f?
4
Let c(m) = m + 1. Let a be c(-3). Let r be (-3 - (-40)/12)/(a/(-18)). Suppose -s + 182 = -r*p, -4*s + 588 = p - 88. What is the hundreds digit of s?
1
Let r be -5 - ((-2)/(10/15) + -2). What is the units digit of (-23400)/(-28) - (r - (-8)/(-28))?
6
What is the hundreds digit of ((-338500)/15)/(38/(-57))?
8
Suppose -3*w = -5*g + 29, -2*g + 0*g - 5*w - 7 = 0. Let z(u) = -16 + 5*u - 3*u + 10 - g*u. What is the tens digit of z(-15)?
2
Suppose 3*k - 4 = -4*m, -4 - 4 = 3*m + 5*k. Suppose -m*r + 55 = 4*l - 33, l - 3*r - 26 = 0. What is the units digit of l?
3
Suppose -w + 59063 = 2*j, 41*w - 39*w = 4*j - 118154. What is the thousands digit of j?
9
Let f be (-10 + 11)/(1/4). Suppose f*q - 384 = 768. Suppose 0 = o + 3*o - q. What is the tens digit of o?
7
Let z(r) = 3*r**2 + r - 8. Let t be z(2). Suppose 4*d = t*d - 392. What is the tens digit of d?
9
Suppose 8*c - 40 = -12*c. Suppose -5*y - 4*q + 801 = 0, 2*y - c*q = -3*y + 807. What is the tens digit of y?
6
Let f be (-105)/10*48/(-28). Suppose 8*m = 22 + f. Suppose -m*p = -4*z - 0*z + 705, 2*z = -5*p + 315. What is the units digit of z?
0
Suppose -42849 = -5*n + 64837 + 459. What is the tens digit of n?
2
Suppose 0 = 158*v - 152*v - 18. Suppose -v*f - 1652 = -2*y - 0, 0 = -y + 3*f + 829. What is the hundreds digit of y?
8
Let n(z) = z**3 + 38*z**2 - 83*z + 38. Let l = -210 - -170. What is the hundreds digit of n(l)?
1
Suppose -2*a - 8 = -6*a. Let x be 3 - (0/(-2))/a. Suppose -2*h = 2*y + x*y - 410, -2*h = -3*y + 230. What is the units digit of y?
0
Let w(m) = 9*m**2 - 14. Let p be w(7). Let k = p + -247. Suppose -5*n + k = -5. What is the tens digit of n?
3
Let o(v) = -10*v - 26. Suppose m - 3 = 2. Suppose 21 - m = -2*t. What is the units digit of o(t)?
4
Let w be (22 - 30)*(-90)/8. Let r = 8 - 6. Suppose w = r*d + d. What is the tens digit of d?
3
Let i = 48 - 44. Suppose -2*o + i*h = -20, h - 14 = -5*o - h. Suppose -k + 2*k = 5*p + 3, 12 = o*k + 4*p. What is the units digit of k?
3
Let f(k) = -k + 10. Let d be (-12)/8*(-66)/9. Let y be f(d). Let z(v) = -88*v**3 + v + 1. What is the units digit of z(y)?
8
Suppose -4336*d + 4349*d - 29055 = 0. What is the hundreds digit of d?
2
Let o = -18 + 23. Suppose -o*s + 5*p = -115, -3*s + 2*p = -49 - 20. Suppose 0 = k + s - 68. What is the tens digit of k?
4
Let r(l) = 713*l + 16. What is the thousands digit of r(4)?
2
Suppose -4*u + 9*u = 20. Suppose 5*c = u*s - 76 - 380, -3*s - c + 323 = 0. Let d = s - -35. What is the units digit of d?
4
Let y(p) = 21*p + 3. Let t be y(7). Suppose 192*u = 194*u - 2. What is the tens digit of ((-2)/(-3))/(u/t)?
0
Let m(d) = -169*d + 21. Let x be m(-3). Let n = x - 248. What is the hundreds digit of n?
2
Suppose 100*k - 105*k = 3*q - 36579, 48788 = 4*q + 4*k. What is the units digit of q?
3
Let w = -62 + 64. Suppose -2*t - 760 = -2*h, 4*h + w*t - 4*t - 1510 = 0. What is the tens digit of h?
7
Suppose c + 122 = 313. Suppose -3*h + c + 19 = 0. Suppose 2*b + 4*a - 143 = -a, -a + h = b. What is the units digit of b?
9
Let w be -2 + 52424/36 - (-10)/(-45). Suppose -4*q = 6*r - 8*r + w, 4*r + 3*q - 2897 = 0. What is the hundreds digit of r?
7
Let s(h) be the third derivative of -h**5/60 - 7*h**4/24 - 31*h**2. Let l be s(-7). Suppose l = -v + 75 + 130. What is the hundreds digit of v?
2
Let k = -271 + 265. What is the hundreds digit of 186*4 - (-3 - (k + 2))?
7
Let t = 4902 + -269. What is the tens digit of t?
3
Suppose 5*a + 53035 = 5*r, 6*a + 3 = -3. What is the ten thousands digit of r?
1
Let t be (-44 - -12)/((-19)/6 - -3). What is the units digit of 4 + t + (-1 - 5)?
0
Let s be 3/(1/2*1). Let f be (6/(s/(-2)))/2. What is the tens digit of (-21)/(4/4*f)?
2
Suppose 4*z + 19680 = 4*j, 10*j - 11*j + 5*z = -4908. What is the tens digit of j?
2
Suppose -5*z + 1528*l + 28620 = 1533*l, 28626 = 5*z + 3*l. What is the tens digit of z?
2
Let s be 27/2 - (-6)/4. Let f = -17 + s. What is the tens digit of 138*f*(-1)/4?
6
Let f be (-1)/((-3)/(-7515)*5). Let a = 1059 + f. What is the tens digit of a?
5
Let w(l) be the first derivative of -29*l**2 - 240*l - 243. What is the tens digit of w(-5)?
5
Let u = 1058 + -1073. Let t be (-1)/((-1)/3 - 0). What is the units digit of t/u + (-166)/(-5)?
3
Suppose -147*w = -13041 - 236712. What is the tens digit of w?
9
Let w(j) = 40*j**3 + 2*j - 3. Let z be w(1). Suppose 2*r = 6, z*g - 2489 = 37*g + 3*r. What is the tens digit of g?
4
Suppose -21 = -4*v - g, -20 = g - 5*g. Suppose -z + 8 + 18 = -v*r, 0 = -5*z - r + 88. What is the tens digit of 2614/z + 2/(-9)?
4
Let m(d) = -15*d - 21. Let v be m(-12). What is the hundreds digit of (1*v/(-2))/((-348)/6728)?
5
Let g(y) = 14*y - 25. Let r(f) = f**3 + 4*f**2 + 3*f + 2. Let x be r(-3). Suppose x*p - 5 = -s, p = -s - 2*p + 5. What is the tens digit of g(s)?
4
Suppose 2*j + j = 12. Let o be ((-1)/4)/(j + (-34)/8). What is the tens digit of 41/o + 3 + 1?
4
Let j(u) = 530*u**2 + 607*u - 5628. What is the thousands digit of j(9)?
2
Let c = 193 + -196. What is the tens digit of -4 - 3*291/c?
8
Let z = -205 + 208. What is the tens digit of (z - 2)/(9/729)?
8
Let o(k) = -2*k**2 + 9*k + 2. Let d be o(5). Let p(q) = q**2 + 8*q + 5. Let z be p(d). What is the units digit of -5*12/z - -4?
0
Let w = 41 + -38. Suppose 0 = -w*h + 473 + 175. Let k = h - 65. What is the units digit of k?
1
Suppose -5*s - 60 = -11*s. Suppose -s*g - 10 = -5*g. What is the units digit of g/(3/4*4)*-93?
2
Let z be -2*(132/(-1))/(-2). Let q(u) = 114*u**2 + 82*u. Let r be q(-2). Let m = r + z. What is the tens digit of m?
6
What is the ten thousands digit of (50 - -49755) + 44 - (2*1)/1?
4
Let z(c) = c**2 + 1. Let b(u) = 4*u**2 - 5*u - 21. Let m(y) = -b(y) + 3*z(y). Let o be m(8). Suppose -29*f + 30*f - 159 = o. What is the units digit of f?
9
Let x(a) = -2*a**3 - 7*a**2 - 56*a - 198. What is the units digit of x(-23)?
1
Suppose -91*n - 228 = -97*n. Let s(c) = 2*c**3 - 76*c**2 + 49*c - 100. What is the thousands digit of s(n)?
1
Let a be (-4 - -6) + (311 - 7). Let v = -144 + a. What is the units digit of v?
2
Let x be (-9)/108 - (-3505)/12. Suppose 5*q = 5*l - 0*l - 995, 605 = 3*l - 5*q. Let s = x - l. What is the tens digit of s?
9
Let i be (-1)/((-2)/(2*59)). Let b be (-516)/11 - 36/396. Let x = i + b. What is the units digit of x?
2
Let k be 2/4*14 + -891. Let r = -293 - k. What is the hundreds digit of r?
5
Suppose 3*z - 5*m = 20, 13 - 39 = -2*z - 3*m. Let n = z + -6. Suppose n*h - 2*s - 268 = 0, h - 5*h - s = -280. What is the tens digit of h?
6
What is the tens digit of (((-80)/7)/(38/133))/(3/(-3285))?
0
Let b(k) = 447*k**2 - 4*k + 1. Let m = -306 + 307. What is the hundreds digit of b(m)?
4
Let i(q) = q**3 - 2*q**2 - 10*q + 8. Let h be i(6). Suppose -233 = -k + 4*n, -2*k + 3*n = -2*n - 466. Let x = k - h. What is the tens digit of x?
4
Let p(s) = -s**3 - 5*s**2 + 5*s - 10. Let c be p(-6). Let k be (-137)/(-2) - c/(9 - 1). Suppose y + 59 = k. What is the tens digit of y?
1
Suppose 5*p = -15, -5*p + 623 + 86 = 4*z. What is the unit